emainder when 8425 is divided by 559?
40
Calculate the remainder when 846094 is divided by 119.
4
What is the remainder when 69159 is divided by 477?
471
What is the remainder when 9641 is divided by 1520?
521
What is the remainder when 4569 is divided by 366?
177
What is the remainder when 9100 is divided by 569?
565
Calculate the remainder when 3815 is divided by 324.
251
What is the remainder when 748542 is divided by 86?
84
What is the remainder when 13961 is divided by 1264?
57
Calculate the remainder when 2020643 is divided by 111.
110
Calculate the remainder when 1154948 is divided by 50.
48
What is the remainder when 310 is divided by 21?
16
Calculate the remainder when 207754 is divided by 185.
184
Calculate the remainder when 4678 is divided by 20.
18
Calculate the remainder when 249210 is divided by 66.
60
What is the remainder when 12039 is divided by 325?
14
What is the remainder when 488428 is divided by 779?
774
Calculate the remainder when 20999 is divided by 7.
6
Calculate the remainder when 241038 is divided by 460.
458
Calculate the remainder when 3003 is divided by 630.
483
Calculate the remainder when 41791 is divided by 20815.
161
What is the remainder when 23393 is divided by 1926?
281
What is the remainder when 1499 is divided by 483?
50
What is the remainder when 327949 is divided by 281?
22
Calculate the remainder when 14519 is divided by 5.
4
Calculate the remainder when 342140 is divided by 1296.
1292
What is the remainder when 6435529 is divided by 4?
1
Calculate the remainder when 33240 is divided by 22.
20
What is the remainder when 338900 is divided by 169444?
12
What is the remainder when 16332 is divided by 121?
118
What is the remainder when 2056579 is divided by 146898?
7
Calculate the remainder when 1143 is divided by 44.
43
Calculate the remainder when 142877 is divided by 6494.
9
What is the remainder when 11808 is divided by 3923?
39
What is the remainder when 2489 is divided by 2149?
340
Calculate the remainder when 29215 is divided by 51.
43
Calculate the remainder when 5669 is divided by 42.
41
What is the remainder when 3655 is divided by 1812?
31
What is the remainder when 3587 is divided by 1791?
5
What is the remainder when 6254 is divided by 2072?
38
Calculate the remainder when 35523 is divided by 15.
3
Calculate the remainder when 971438 is divided by 80.
78
What is the remainder when 4461336 is divided by 446?
444
Calculate the remainder when 5402 is divided by 1628.
518
Calculate the remainder when 203404 is divided by 402.
394
Calculate the remainder when 1010338 is divided by 270.
268
What is the remainder when 6819 is divided by 70?
29
What is the remainder when 1718 is divided by 639?
440
What is the remainder when 112 is divided by 6?
4
What is the remainder when 159653 is divided by 82?
81
Calculate the remainder when 4715 is divided by 9.
8
Calculate the remainder when 25385 is divided by 1266.
65
What is the remainder when 23074 is divided by 3292?
30
What is the remainder when 87974 is divided by 144?
134
What is the remainder when 4414228 is divided by 1028?
1024
What is the remainder when 58981 is divided by 2562?
55
Calculate the remainder when 5073 is divided by 145.
143
What is the remainder when 98047 is divided by 74?
71
What is the remainder when 468218 is divided by 156054?
56
Calculate the remainder when 182373 is divided by 125.
123
What is the remainder when 46541 is divided by 266?
257
What is the remainder when 52236 is divided by 185?
66
Calculate the remainder when 13358 is divided by 252.
2
Calculate the remainder when 25891 is divided by 1362.
13
What is the remainder when 35833 is divided by 5086?
231
Calculate the remainder when 216916 is divided by 162.
160
Calculate the remainder when 4403 is divided by 367.
366
Calculate the remainder when 1134 is divided by 460.
214
What is the remainder when 20365 is divided by 3386?
49
What is the remainder when 1239556 is divided by 11?
10
Calculate the remainder when 5399 is divided by 1799.
2
Calculate the remainder when 11914 is divided by 426.
412
What is the remainder when 195893 is divided by 395?
368
Calculate the remainder when 4065 is divided by 34.
19
What is the remainder when 7610 is divided by 24?
2
Calculate the remainder when 20158 is divided by 336.
334
What is the remainder when 76351 is divided by 189?
184
What is the remainder when 78009 is divided by 497?
477
What is the remainder when 48717 is divided by 103?
101
What is the remainder when 1392095 is divided by 68?
67
What is the remainder when 58517 is divided by 77?
74
What is the remainder when 64619 is divided by 2228?
7
What is the remainder when 15780 is divided by 5260?
0
What is the remainder when 2728 is divided by 490?
278
Calculate the remainder when 142066 is divided by 1973.
10
What is the remainder when 705 is divided by 144?
129
What is the remainder when 81993 is divided by 328?
321
What is the remainder when 70406 is divided by 14079?
11
What is the remainder when 2103 is divided by 2028?
75
What is the remainder when 106595 is divided by 189?
188
Calculate the remainder when 21824 is divided by 1212.
8
What is the remainder when 6028 is divided by 10?
8
What is the remainder when 783952 is divided by 194?
192
What is the remainder when 3641 is divided by 307?
264
Calculate the remainder when 6157 is divided by 362.
3
Calculate the remainder when 52873 is divided by 16.
9
What is the remainder when 197683 is divided by 163?
127
Calculate the remainder when 5824 is divided by 14.
0
What is the remainder when 1082947 is divided by 17?
13
Calculate the remainder when 1444 is divided by 475.
19
Calculate the remainder when 6060 is divided by 1497.
72
Calculate the remainder when 30451 is divided by 677.
663
What is the remainder when 8242 is divided by 6099?
2143
What is the remainder when 1788 is divided by 25?
13
Calculate the remainder when 1579 is divided by 90.
49
What is the remainder when 7540 is divided by 1497?
55
What is the remainder when 998600 is divided by 46?
32
Calculate the remainder when 31669 is divided by 1887.
1477
Calculate the remainder when 74 is divided by 72.
2
What is the remainder when 21221 is divided by 7069?
14
Calculate the remainder when 2595157 is divided by 21.
19
Calculate the remainder when 10979 is divided by 3630.
89
What is the remainder when 143 is divided by 59?
25
What is the remainder when 163082 is divided by 51?
35
Calculate the remainder when 88636 is divided by 591.
577
What is the remainder when 9725 is divided by 315?
275
Calculate the remainder when 13017 is divided by 752.
233
What is the remainder when 143145 is divided by 61?
39
What is the remainder when 45572 is divided by 83?
5
Calculate the remainder when 445945 is divided by 445942.
3
Calculate the remainder when 9556 is divided by 217.
8
What is the remainder when 1295 is divided by 285?
155
Calculate the remainder when 2603 is divided by 143.
29
Calculate the remainder when 542071 is divided by 199.
194
What is the remainder when 463060 is divided by 6?
4
What is the remainder when 215678 is divided by 23961?
29
What is the remainder when 1169 is divided by 26?
25
What is the remainder when 1537 is divided by 268?
197
What is the remainder when 352258 is divided by 30?
28
What is the remainder when 19854 is divided by 6388?
690
What is the remainder when 2206591 is divided by 84?
79
What is the remainder when 80212 is divided by 70?
62
What is the remainder when 43052 is divided by 39?
35
What is the remainder when 10660 is divided by 3494?
178
What is the remainder when 65499 is divided by 260?
239
What is the remainder when 70084 is divided by 361?
50
Calculate the remainder when 12818 is divided by 27.
20
What is the remainder when 60432 is divided by 15077?
124
Calculate the remainder when 130411 is divided by 988.
983
What is the remainder when 15342 is divided by 667?
1
Calculate the remainder when 2781 is divided by 41.
34
Calculate the remainder when 17148115 is divided by 2251.
2248
Calculate the remainder when 394058 is divided by 34.
32
Calculate the remainder when 2750 is divided by 390.
20
Calculate the remainder when 2280029 is divided by 16.
13
What is the remainder when 1550 is divided by 320?
270
What is the 